{"id":11159,"date":"2026-01-14T19:42:49","date_gmt":"2026-01-14T18:42:49","guid":{"rendered":"https:\/\/mc-elektronika.hr\/?product=reo-go-rangerptsolar-panel-g450"},"modified":"2026-01-14T19:56:00","modified_gmt":"2026-01-14T18:56:00","slug":"reo-go-rangerptsolar-panel-g450","status":"publish","type":"product","link":"https:\/\/mc-elektronika.hr\/?product=reo-go-rangerptsolar-panel-g450","title":{"rendered":"REO Go RangerPT+Solar Panel (G450)"},"content":{"rendered":"<table id=\"ContentPlaceHolder1_GridViewTechnicalCharacteristics\" class=\"table table-striped mt-2\" cellspacing=\"0\">\n<tbody>\n<tr>\n<td>Proizvo\u0111a\u010d<\/td>\n<td>Reolink<\/td>\n<\/tr>\n<tr>\n<td>Tehnologija<\/td>\n<td>4G<\/td>\n<\/tr>\n<tr>\n<td>Objektiv<\/td>\n<td>2.8 mm (95\u00b0)<\/td>\n<\/tr>\n<tr>\n<td>Max rezolucija<\/td>\n<td>8Mpx<\/td>\n<\/tr>\n<tr>\n<td>SD kartica<\/td>\n<td>Do 128Gb<\/td>\n<\/tr>\n<tr>\n<td>Audio<\/td>\n<td>Ugra\u0111en mikrofon<\/td>\n<\/tr>\n<tr>\n<td>IR<\/td>\n<td>do 10m<\/td>\n<\/tr>\n<tr>\n<td>IP za\u0161tita<\/td>\n<td>IP64<\/td>\n<\/tr>\n<tr>\n<td>Napajanje<\/td>\n<td>5VDC, 2A, solar, baterijsko<\/td>\n<\/tr>\n<tr>\n<td>Dimenzije<\/td>\n<td>\u03a698 x 112mm<\/td>\n<\/tr>\n<tr>\n<td>Baterija<\/td>\n<td>Da<\/td>\n<\/tr>\n<tr>\n<td>Videoanalitika<\/td>\n<td>Smart AI &#8211; Animal \/ Person detection<\/td>\n<\/tr>\n<\/tbody>\n<\/table>\n","protected":false},"excerpt":{"rendered":"<p>Be\u017ei\u010dna kamufla\u017ena 4G kamera, 8MP UltraHD, no-glow IR LED, mogu\u0107nost okretanja i nagibanja, prepoznavanje vozila, ljudi i \u017eivotinja, dvosmjerna audio komunikacija, detekcija pokreta, otporna je na sve vremenske uvjete, pristup kameri bilo kada i bilo gdje putem mobilne ili desktop aplikacije, kamufla\u017eni solarni panel 6W i memorijska kartica 32 GB u kompletu. Idealno rje\u0161enje za nadzor \u017eivotinja u \u0161umi, u podru\u010djima bez WiFi pristupa i bez izvora elektri\u010dne energije.<\/p>\n","protected":false},"featured_media":11177,"comment_status":"open","ping_status":"closed","template":"","meta":{"om_disable_all_campaigns":false,"_monsterinsights_skip_tracking":false,"_monsterinsights_sitenote_active":false,"_monsterinsights_sitenote_note":"","_monsterinsights_sitenote_category":0},"product_brand":[],"product_cat":[180],"product_tag":[181],"class_list":{"0":"post-11159","1":"product","2":"type-product","3":"status-publish","4":"has-post-thumbnail","6":"product_cat-reolink","7":"product_tag-reolink","9":"first","10":"instock","11":"shipping-taxable","12":"purchasable","13":"product-type-simple"},"aioseo_notices":[],"_links":{"self":[{"href":"https:\/\/mc-elektronika.hr\/index.php?rest_route=\/wp\/v2\/product\/11159","targetHints":{"allow":["GET"]}}],"collection":[{"href":"https:\/\/mc-elektronika.hr\/index.php?rest_route=\/wp\/v2\/product"}],"about":[{"href":"https:\/\/mc-elektronika.hr\/index.php?rest_route=\/wp\/v2\/types\/product"}],"replies":[{"embeddable":true,"href":"https:\/\/mc-elektronika.hr\/index.php?rest_route=%2Fwp%2Fv2%2Fcomments&post=11159"}],"wp:featuredmedia":[{"embeddable":true,"href":"https:\/\/mc-elektronika.hr\/index.php?rest_route=\/wp\/v2\/media\/11177"}],"wp:attachment":[{"href":"https:\/\/mc-elektronika.hr\/index.php?rest_route=%2Fwp%2Fv2%2Fmedia&parent=11159"}],"wp:term":[{"taxonomy":"product_brand","embeddable":true,"href":"https:\/\/mc-elektronika.hr\/index.php?rest_route=%2Fwp%2Fv2%2Fproduct_brand&post=11159"},{"taxonomy":"product_cat","embeddable":true,"href":"https:\/\/mc-elektronika.hr\/index.php?rest_route=%2Fwp%2Fv2%2Fproduct_cat&post=11159"},{"taxonomy":"product_tag","embeddable":true,"href":"https:\/\/mc-elektronika.hr\/index.php?rest_route=%2Fwp%2Fv2%2Fproduct_tag&post=11159"}],"curies":[{"name":"wp","href":"https:\/\/api.w.org\/{rel}","templated":true}]}}