{"id":11144,"date":"2026-01-14T19:42:41","date_gmt":"2026-01-14T18:42:41","guid":{"rendered":"https:\/\/mc-elektronika.hr\/?product=reo-argus-pt-dual"},"modified":"2026-01-14T20:13:33","modified_gmt":"2026-01-14T19:13:33","slug":"reo-argus-pt-dual","status":"publish","type":"product","link":"https:\/\/mc-elektronika.hr\/?product=reo-argus-pt-dual","title":{"rendered":"REO Argus PT Dual"},"content":{"rendered":"<table id=\"ContentPlaceHolder1_GridViewTechnicalCharacteristics\" class=\"table table-striped mt-2\" cellspacing=\"0\">\n<tbody>\n<tr>\n<td>Proizvo\u0111a\u010d<\/td>\n<td>Reolink<\/td>\n<\/tr>\n<tr>\n<td>Tehnologija<\/td>\n<td>WiFi<\/td>\n<\/tr>\n<tr>\n<td>Max rezolucija<\/td>\n<td>4Mpx<\/td>\n<\/tr>\n<tr>\n<td>SD kartica<\/td>\n<td>Do 128Gb<\/td>\n<\/tr>\n<tr>\n<td>Audio<\/td>\n<td>Dvosmjerni audio<\/td>\n<\/tr>\n<tr>\n<td>IR<\/td>\n<td>do 10m<\/td>\n<\/tr>\n<tr>\n<td>Napajanje<\/td>\n<td>5V DC<\/td>\n<\/tr>\n<tr>\n<td>Videoanalitika<\/td>\n<td>Smart AI &#8211; Person \/ Vehicle detection<\/td>\n<\/tr>\n<\/tbody>\n<\/table>\n","protected":false},"excerpt":{"rendered":"<p>Be\u017ei\u010dna WiFi kamera, 4MP starlight senzor, mogu\u0107nost okretanja i nagibanja, dvosmjerna audio komunikacija, detekcija pokreta, ugra\u0111ena sirena, otporna je na sve vremenske uvjete, za vanjske ili unutarnje prostore, utor za SD karticu do 128GB, pristup kameri bilo kada i bilo gdje putem mobilne ili desktop aplikacije, opcija napajanja putem solarnog panela.<\/p>\n","protected":false},"featured_media":11191,"comment_status":"open","ping_status":"closed","template":"","meta":{"om_disable_all_campaigns":false,"_monsterinsights_skip_tracking":false,"_monsterinsights_sitenote_active":false,"_monsterinsights_sitenote_note":"","_monsterinsights_sitenote_category":0},"product_brand":[],"product_cat":[180],"product_tag":[184,182,181,183],"class_list":{"0":"post-11144","1":"product","2":"type-product","3":"status-publish","4":"has-post-thumbnail","6":"product_cat-reolink","7":"product_tag-fisheye-360","8":"product_tag-ptz","9":"product_tag-reolink","10":"product_tag-solar","12":"first","13":"instock","14":"shipping-taxable","15":"purchasable","16":"product-type-simple"},"aioseo_notices":[],"_links":{"self":[{"href":"https:\/\/mc-elektronika.hr\/index.php?rest_route=\/wp\/v2\/product\/11144","targetHints":{"allow":["GET"]}}],"collection":[{"href":"https:\/\/mc-elektronika.hr\/index.php?rest_route=\/wp\/v2\/product"}],"about":[{"href":"https:\/\/mc-elektronika.hr\/index.php?rest_route=\/wp\/v2\/types\/product"}],"replies":[{"embeddable":true,"href":"https:\/\/mc-elektronika.hr\/index.php?rest_route=%2Fwp%2Fv2%2Fcomments&post=11144"}],"wp:featuredmedia":[{"embeddable":true,"href":"https:\/\/mc-elektronika.hr\/index.php?rest_route=\/wp\/v2\/media\/11191"}],"wp:attachment":[{"href":"https:\/\/mc-elektronika.hr\/index.php?rest_route=%2Fwp%2Fv2%2Fmedia&parent=11144"}],"wp:term":[{"taxonomy":"product_brand","embeddable":true,"href":"https:\/\/mc-elektronika.hr\/index.php?rest_route=%2Fwp%2Fv2%2Fproduct_brand&post=11144"},{"taxonomy":"product_cat","embeddable":true,"href":"https:\/\/mc-elektronika.hr\/index.php?rest_route=%2Fwp%2Fv2%2Fproduct_cat&post=11144"},{"taxonomy":"product_tag","embeddable":true,"href":"https:\/\/mc-elektronika.hr\/index.php?rest_route=%2Fwp%2Fv2%2Fproduct_tag&post=11144"}],"curies":[{"name":"wp","href":"https:\/\/api.w.org\/{rel}","templated":true}]}}