{"id":98,"date":"2018-07-10T05:45:41","date_gmt":"2018-07-10T05:45:41","guid":{"rendered":"http:\/\/kanni.local\/?page_id=98"},"modified":"2025-11-14T08:00:55","modified_gmt":"2025-11-14T07:00:55","slug":"o-nama","status":"publish","type":"page","link":"https:\/\/mc-elektronika.hr\/?page_id=98","title":{"rendered":"O nama"},"content":{"rendered":"<div class=\"wpb-content-wrapper\"><p>[vc_row full_width=&#8221;stretch_row&#8221; equal_height=&#8221;yes&#8221; content_placement=&#8221;bottom&#8221; css=&#8221;.vc_custom_1531805970282{padding-top: 120px !important;background-color: #f8f8f8 !important;}&#8221; el_class=&#8221;move-to-top&#8221;][vc_column width=&#8221;1\/3&#8243; el_class=&#8221;rs_col-sm-12&#8243;][vc_column_text css=&#8221;&#8221;]<\/p>\n<p class=\"dt-skin-primary-color\" style=\"font-size: 18px;\">Pouzdana tehni\u010dka za\u0161tita za dom i posao<\/p>\n<p>[\/vc_column_text][vc_column_text css=&#8221;&#8221;]<\/p>\n<h2 style=\"font-size: 48px;\">Vi\u0161e od 20 godina iskustva u sigurnosnim sustavima<\/h2>\n<p>[\/vc_column_text][vc_column_text css=&#8221;&#8221;]<\/p>\n<p data-start=\"446\" data-end=\"758\">MC Elektronika iz Slavonskog Broda specijalizirana je za projektiranje, ugradnju i odr\u017eavanje sustava tehni\u010dke za\u0161tite: video nadzor (CCTV), alarmni sustavi, kontrola pristupa te domofoni i interfoni. Na\u0161 pristup je \u201cklju\u010d u ruke\u201d \u2014 od procjene rizika i odabira opreme do implementacije i servisa.<\/p>\n<ul>\n<li data-start=\"446\" data-end=\"758\">Individualna procjena i prijedlog rje\u0161enja<\/li>\n<li data-start=\"446\" data-end=\"758\">Ovla\u0161teni i iskusni tehni\u010dari<\/li>\n<li data-start=\"446\" data-end=\"758\">Ugradnja kvalitetne opreme renomiranih proizvo\u0111a\u010da<\/li>\n<li data-start=\"446\" data-end=\"758\">Brze intervencije i dostupna podr\u0161ka<\/li>\n<\/ul>\n<p>[\/vc_column_text]<div id=\"1531805691511-f07b8718-0dcd\" class=\"dt-sc-empty-space\"><\/div>[\/vc_column][vc_column width=&#8221;2\/3&#8243; el_class=&#8221;animation-images rs_col-sm-12&#8243;][vc_single_image image=&#8221;11092&#8243; img_size=&#8221;full&#8221; alignment=&#8221;right&#8221; css_animation=&#8221;fadeInDown&#8221; css=&#8221;.vc_custom_1763103636750{margin-bottom: 0px !important;}&#8221; el_class=&#8221;top-image&#8221;][vc_single_image image=&#8221;11091&#8243; img_size=&#8221;full&#8221; css_animation=&#8221;fadeInUp&#8221; css=&#8221;.vc_custom_1763103647656{margin-bottom: 0px !important;}&#8221; el_class=&#8221;bottom-image&#8221;][\/vc_column][\/vc_row][vc_row css=&#8221;.vc_custom_1531822113360{padding-top: 100px !important;}&#8221;][vc_column]<div class='dt-sc-title with-two-border aligncenter'><h2>5 razloga za\u0161to odabrati nas<\/h2><\/div>[vc_row_inner][vc_column_inner el_class=&#8221;rs_col-sm-6&#8243; width=&#8221;1\/5&#8243;]<div class='dt-sc-icon-box type3 aligncenter with-bg'><div class=\"icon-wrapper\"><span><img loading=\"lazy\" decoding=\"async\" width=\"160\" height=\"160\" src=\"https:\/\/mc-elektronika.hr\/wp-content\/uploads\/2018\/08\/abt2.png\" class=\"attachment-full\" alt=\"img\" title=\"abt2\" srcset=\"https:\/\/mc-elektronika.hr\/wp-content\/uploads\/2018\/08\/abt2.png 160w, https:\/\/mc-elektronika.hr\/wp-content\/uploads\/2018\/08\/abt2-150x150.png 150w, https:\/\/mc-elektronika.hr\/wp-content\/uploads\/2018\/08\/abt2-100x100.png 100w\" sizes=\"auto, (max-width: 160px) 100vw, 160px\" \/><\/span><\/div><div class=\"icon-content\"><h4><a href='#' title='' target='_self'>Brza podr\u0161ka i intervencije<\/a><\/h4><p>Dostupni smo za klijente 24\/7 u hitnim slu\u010dajevima.<\/p><\/div><\/div>[\/vc_column_inner][vc_column_inner el_class=&#8221;rs_col-sm-6&#8243; width=&#8221;1\/5&#8243;]<div class='dt-sc-icon-box type3 aligncenter with-bg'><div class=\"icon-wrapper\"><span><img loading=\"lazy\" decoding=\"async\" width=\"160\" height=\"160\" src=\"https:\/\/mc-elektronika.hr\/wp-content\/uploads\/2018\/08\/abt3.png\" class=\"attachment-full\" alt=\"img\" title=\"abt3\" srcset=\"https:\/\/mc-elektronika.hr\/wp-content\/uploads\/2018\/08\/abt3.png 160w, https:\/\/mc-elektronika.hr\/wp-content\/uploads\/2018\/08\/abt3-150x150.png 150w, https:\/\/mc-elektronika.hr\/wp-content\/uploads\/2018\/08\/abt3-100x100.png 100w\" sizes=\"auto, (max-width: 160px) 100vw, 160px\" \/><\/span><\/div><div class=\"icon-content\"><h4><a href='#' title='' target='_self'>Stru\u010dno osoblje<\/a><\/h4><p>Ovla\u0161teni i iskusni tehni\u010dari s dugogodi\u0161njim iskustvom.<\/p><\/div><\/div>[\/vc_column_inner][vc_column_inner el_class=&#8221;rs_col-sm-6&#8243; width=&#8221;1\/5&#8243;]<div class='dt-sc-icon-box type3 aligncenter with-bg'><div class=\"icon-wrapper\"><span><img loading=\"lazy\" decoding=\"async\" width=\"160\" height=\"160\" src=\"https:\/\/mc-elektronika.hr\/wp-content\/uploads\/2018\/08\/abt5.png\" class=\"attachment-full\" alt=\"img\" title=\"abt5\" srcset=\"https:\/\/mc-elektronika.hr\/wp-content\/uploads\/2018\/08\/abt5.png 160w, https:\/\/mc-elektronika.hr\/wp-content\/uploads\/2018\/08\/abt5-150x150.png 150w, https:\/\/mc-elektronika.hr\/wp-content\/uploads\/2018\/08\/abt5-100x100.png 100w\" sizes=\"auto, (max-width: 160px) 100vw, 160px\" \/><\/span><\/div><div class=\"icon-content\"><h4><a href='#' title='' target='_self'>Povjerenje i preporuke<\/a><\/h4><p>Zadovoljni klijenti i provjerene reference u regiji.<\/p><\/div><\/div>[\/vc_column_inner][vc_column_inner el_class=&#8221;rs_col-sm-6&#8243; width=&#8221;1\/5&#8243;]<div class='dt-sc-icon-box type3 aligncenter with-bg'><div class=\"icon-wrapper\"><span><img loading=\"lazy\" decoding=\"async\" width=\"160\" height=\"160\" src=\"https:\/\/mc-elektronika.hr\/wp-content\/uploads\/2018\/08\/abt4.png\" class=\"attachment-full\" alt=\"img\" title=\"abt4\" srcset=\"https:\/\/mc-elektronika.hr\/wp-content\/uploads\/2018\/08\/abt4.png 160w, https:\/\/mc-elektronika.hr\/wp-content\/uploads\/2018\/08\/abt4-150x150.png 150w, https:\/\/mc-elektronika.hr\/wp-content\/uploads\/2018\/08\/abt4-100x100.png 100w\" sizes=\"auto, (max-width: 160px) 100vw, 160px\" \/><\/span><\/div><div class=\"icon-content\"><h4><a href='#' title='' target='_self'>Povoljne cijene<\/a><\/h4><p>Kvaliteta i sigurnost po pristupa\u010dnoj cijeni.<\/p><\/div><\/div>[\/vc_column_inner][vc_column_inner el_class=&#8221;rs_col-sm-12&#8243; width=&#8221;1\/5&#8243;]<div class='dt-sc-icon-box type3 aligncenter with-bg'><div class=\"icon-wrapper\"><span><img loading=\"lazy\" decoding=\"async\" width=\"160\" height=\"160\" src=\"https:\/\/mc-elektronika.hr\/wp-content\/uploads\/2018\/08\/abt5.png\" class=\"attachment-full\" alt=\"img\" title=\"abt5\" srcset=\"https:\/\/mc-elektronika.hr\/wp-content\/uploads\/2018\/08\/abt5.png 160w, https:\/\/mc-elektronika.hr\/wp-content\/uploads\/2018\/08\/abt5-150x150.png 150w, https:\/\/mc-elektronika.hr\/wp-content\/uploads\/2018\/08\/abt5-100x100.png 100w\" sizes=\"auto, (max-width: 160px) 100vw, 160px\" \/><\/span><\/div><div class=\"icon-content\"><h4><a href='#' title='' target='_self'>Kvalitetna oprema<\/a><\/h4><p>Koristimo opremu renomiranih proizvo\u0111a\u010da.<\/p><\/div><\/div>[\/vc_column_inner][\/vc_row_inner][\/vc_column][\/vc_row][vc_row][vc_column]<div id=\"1531806563904-0fb92800-e198\" class=\"dt-sc-empty-space\"><\/div>[\/vc_column][\/vc_row]<\/p>\n<\/div>","protected":false},"excerpt":{"rendered":"<p>[vc_row full_width=&#8221;stretch_row&#8221; equal_height=&#8221;yes&#8221; content_placement=&#8221;bottom&#8221; css=&#8221;.vc_custom_1531805970282{padding-top: 120px !important;background-color: #f8f8f8 !important;}&#8221; el_class=&#8221;move-to-top&#8221;][vc_column width=&#8221;1\/3&#8243; el_class=&#8221;rs_col-sm-12&#8243;][vc_column_text css=&#8221;&#8221;] Pouzdana tehni\u010dka za\u0161tita za dom i posao [\/vc_column_text][vc_column_text css=&#8221;&#8221;] Vi\u0161e od 20 godina iskustva u sigurnosnim sustavima [\/vc_column_text][vc_column_text css=&#8221;&#8221;] MC Elektronika iz Slavonskog Broda specijalizirana je za projektiranje, ugradnju i odr\u017eavanje sustava tehni\u010dke za\u0161tite: video nadzor (CCTV), alarmni sustavi, kontrola pristupa te [&hellip;]<\/p>\n","protected":false},"author":1,"featured_media":0,"parent":0,"menu_order":0,"comment_status":"closed","ping_status":"closed","template":"","meta":{"om_disable_all_campaigns":false,"_monsterinsights_skip_tracking":false,"_monsterinsights_sitenote_active":false,"_monsterinsights_sitenote_note":"","_monsterinsights_sitenote_category":0,"footnotes":""},"class_list":["post-98","page","type-page","status-publish","hentry"],"aioseo_notices":[],"_links":{"self":[{"href":"https:\/\/mc-elektronika.hr\/index.php?rest_route=\/wp\/v2\/pages\/98","targetHints":{"allow":["GET"]}}],"collection":[{"href":"https:\/\/mc-elektronika.hr\/index.php?rest_route=\/wp\/v2\/pages"}],"about":[{"href":"https:\/\/mc-elektronika.hr\/index.php?rest_route=\/wp\/v2\/types\/page"}],"author":[{"embeddable":true,"href":"https:\/\/mc-elektronika.hr\/index.php?rest_route=\/wp\/v2\/users\/1"}],"replies":[{"embeddable":true,"href":"https:\/\/mc-elektronika.hr\/index.php?rest_route=%2Fwp%2Fv2%2Fcomments&post=98"}],"version-history":[{"count":7,"href":"https:\/\/mc-elektronika.hr\/index.php?rest_route=\/wp\/v2\/pages\/98\/revisions"}],"predecessor-version":[{"id":11106,"href":"https:\/\/mc-elektronika.hr\/index.php?rest_route=\/wp\/v2\/pages\/98\/revisions\/11106"}],"wp:attachment":[{"href":"https:\/\/mc-elektronika.hr\/index.php?rest_route=%2Fwp%2Fv2%2Fmedia&parent=98"}],"curies":[{"name":"wp","href":"https:\/\/api.w.org\/{rel}","templated":true}]}}